{"id":179,"date":"2025-05-15T16:21:07","date_gmt":"2025-05-15T14:21:07","guid":{"rendered":"https:\/\/plusarchitectures.com\/?page_id=179"},"modified":"2025-05-15T21:14:33","modified_gmt":"2025-05-15T19:14:33","slug":"179-2","status":"publish","type":"page","link":"https:\/\/plusarchitectures.com\/","title":{"rendered":"Accueil_Fr_new"},"content":{"rendered":"\n<div class=\"wp-block-group alignfull has-global-padding is-layout-constrained wp-container-core-group-is-layout-4e4ac7ca wp-block-group-is-layout-constrained\" style=\"padding-top:var(--wp--preset--spacing--2);padding-right:var(--wp--preset--spacing--50);padding-bottom:var(--wp--preset--spacing--50);padding-left:var(--wp--preset--spacing--50)\">\n<div class=\"wp-block-group has-global-padding is-layout-constrained wp-container-core-group-is-layout-650790e1 wp-block-group-is-layout-constrained\">\n<h1 class=\"wp-block-heading has-text-align-center has-x-large-font-size\">Un projet, deux points de vue<\/h1>\n\n\n\n<div style=\"height:1.25rem\" aria-hidden=\"true\" class=\"wp-block-spacer\"><\/div>\n\n\n\n<p class=\"has-text-align-center\">Comme Maitrise d&#8217;\u0152uvre et Assistant \u00e0 Ma\u00eetre d&#8217;Ouvrage, nous apportons notre expertise \u00e0 chaque \u00e9tape d\u2019un projet d\u2019architecture.<\/p>\n\n\n\n<div style=\"height:1.25rem\" aria-hidden=\"true\" class=\"wp-block-spacer\"><\/div>\n\n\n\n<div class=\"wp-block-buttons is-content-justification-center is-layout-flex wp-container-core-buttons-is-layout-a89b3969 wp-block-buttons-is-layout-flex\">\n<div class=\"wp-block-button\"><a class=\"wp-block-button__link wp-element-button\" href=\"https:\/\/plusarchitectures.com\/index.php\/nos-projets\/\">Nos Projets<\/a><\/div>\n<\/div>\n<\/div>\n\n\n\n<figure class=\"wp-block-image alignwide size-full is-style-default\"><img fetchpriority=\"high\" decoding=\"async\" width=\"1700\" height=\"1064\" src=\"https:\/\/plusarchitectures.com\/wp-content\/uploads\/2025\/05\/7nantong-grand-theater-nantong-art-museum-lighting-design-by-tungsten-studio-5.jpg\" alt=\"\" class=\"wp-image-206\" srcset=\"https:\/\/plusarchitectures.com\/wp-content\/uploads\/2025\/05\/7nantong-grand-theater-nantong-art-museum-lighting-design-by-tungsten-studio-5.jpg 1700w, https:\/\/plusarchitectures.com\/wp-content\/uploads\/2025\/05\/7nantong-grand-theater-nantong-art-museum-lighting-design-by-tungsten-studio-5-300x188.jpg 300w, https:\/\/plusarchitectures.com\/wp-content\/uploads\/2025\/05\/7nantong-grand-theater-nantong-art-museum-lighting-design-by-tungsten-studio-5-1024x641.jpg 1024w, https:\/\/plusarchitectures.com\/wp-content\/uploads\/2025\/05\/7nantong-grand-theater-nantong-art-museum-lighting-design-by-tungsten-studio-5-768x481.jpg 768w, https:\/\/plusarchitectures.com\/wp-content\/uploads\/2025\/05\/7nantong-grand-theater-nantong-art-museum-lighting-design-by-tungsten-studio-5-1536x961.jpg 1536w\" sizes=\"(max-width: 1700px) 100vw, 1700px\" \/><\/figure>\n<\/div>\n\n\n\n<div class=\"wp-block-group alignfull has-base-2-background-color has-background has-global-padding is-layout-constrained wp-container-core-group-is-layout-669513ed wp-block-group-is-layout-constrained\" style=\"margin-top:0;margin-bottom:0;padding-top:var(--wp--preset--spacing--50);padding-right:var(--wp--preset--spacing--50);padding-bottom:var(--wp--preset--spacing--50);padding-left:var(--wp--preset--spacing--50)\">\n<div class=\"wp-block-group is-vertical is-content-justification-center is-layout-flex wp-container-core-group-is-layout-52b864f0 wp-block-group-is-layout-flex\">\n<h2 class=\"wp-block-heading has-text-align-center is-style-asterisk\">Une passion pour la cr\u00e9ation d\u2019espaces<\/h2>\n\n\n\n<div style=\"height:0px\" aria-hidden=\"true\" class=\"wp-block-spacer wp-container-content-4f2ccadb\"><\/div>\n\n\n\n<p class=\"has-text-align-center\">Nos services professionnels s\u2019adresse \u00e0 une client\u00e8le diversifi\u00e9e, allant des propri\u00e9taires aux promoteurs commerciaux, en particulier, des organismes ayant un liant fort avec la Chine.<\/p>\n<\/div>\n\n\n\n<div style=\"margin-top:0;margin-bottom:0;height:var(--wp--preset--spacing--40)\" aria-hidden=\"true\" class=\"wp-block-spacer\"><\/div>\n\n\n\n<div class=\"wp-block-columns alignwide is-layout-flex wp-container-core-columns-is-layout-d0bbbce0 wp-block-columns-is-layout-flex\">\n<div class=\"wp-block-column is-layout-flow wp-container-core-column-is-layout-e3d1c41b wp-block-column-is-layout-flow\">\n<h3 class=\"wp-block-heading has-text-align-left is-style-asterisk has-body-font-family has-medium-font-size\" style=\"font-style:normal;font-weight:600\">Conception<\/h3>\n\n\n\n<p class=\"has-text-align-left\">Concevoir des projets de mani\u00e8re ind\u00e9pendante ou collaborative, au-del\u00e0 des fronti\u00e8res.<\/p>\n<\/div>\n\n\n\n<div class=\"wp-block-column is-layout-flow wp-container-core-column-is-layout-e3d1c41b wp-block-column-is-layout-flow\">\n<h3 class=\"wp-block-heading has-text-align-left is-style-asterisk has-body-font-family has-medium-font-size\" style=\"font-style:normal;font-weight:600\">Ma\u00eetrise d&#8217;\u0153uvre<\/h3>\n\n\n\n<p class=\"has-text-align-left\">Mener les travaux dans le respect des choix techniques, des contraintes de d\u00e9lai, de qualit\u00e9 et de co\u00fbt, en parfaite conformit\u00e9 avec les exigences du projet.<\/p>\n<\/div>\n\n\n\n<div class=\"wp-block-column is-layout-flow wp-container-core-column-is-layout-e3d1c41b wp-block-column-is-layout-flow\">\n<h3 class=\"wp-block-heading has-text-align-left is-style-asterisk has-body-font-family has-medium-font-size\" style=\"font-style:normal;font-weight:600\">Assistant \u00e0 M.O.E.<\/h3>\n\n\n\n<p class=\"has-text-align-left\">Assurer la contractation, la gestion commerciale et le suivi des paiements des partenaires en Ma\u00eetrise d\u2019\u0152uvre.<\/p>\n<\/div>\n<\/div>\n\n\n\n<div style=\"height:var(--wp--preset--spacing--20)\" aria-hidden=\"true\" class=\"wp-block-spacer\"><\/div>\n\n\n\n<div class=\"wp-block-columns alignwide is-layout-flex wp-container-core-columns-is-layout-d0bbbce0 wp-block-columns-is-layout-flex\">\n<div class=\"wp-block-column is-layout-flow wp-container-core-column-is-layout-e3d1c41b wp-block-column-is-layout-flow\">\n<h3 class=\"wp-block-heading has-text-align-left is-style-asterisk has-body-font-family has-medium-font-size\" style=\"font-style:normal;font-weight:600\">Conseil<\/h3>\n\n\n\n<p class=\"has-text-align-left\">Apporter notre regard professionnel sur chaque aspect du projet, du programme \u00e0 l\u2019\u00e9conomie, en passant par le montage d\u2019op\u00e9ration, jusqu\u2019\u00e0 sa commercialisation.<\/p>\n<\/div>\n\n\n\n<div class=\"wp-block-column is-layout-flow wp-container-core-column-is-layout-e3d1c41b wp-block-column-is-layout-flow\">\n<h3 class=\"wp-block-heading has-text-align-left is-style-asterisk has-body-font-family has-medium-font-size\" style=\"font-style:normal;font-weight:600\">Audit<\/h3>\n\n\n\n<p class=\"has-text-align-left\">\u00e9aliser des audits techniques ou \u00e9conomiques afin de r\u00e9\u00e9valuer et optimiser les projets.<\/p>\n<\/div>\n\n\n\n<div class=\"wp-block-column is-layout-flow wp-container-core-column-is-layout-e3d1c41b wp-block-column-is-layout-flow\">\n<h3 class=\"wp-block-heading has-text-align-left is-style-asterisk has-body-font-family has-medium-font-size\" style=\"font-style:normal;font-weight:600\">A.M.O.<\/h3>\n\n\n\n<p class=\"has-text-align-left\">Assister le Ma\u00eetre d\u2019ouvrage, qu\u2019il soit sachant ou non, dans la conduite et la gestion compl\u00e8te du projet de construction.<\/p>\n<\/div>\n<\/div>\n<\/div>\n\n\n\n<div class=\"wp-block-group alignfull has-global-padding is-layout-constrained wp-container-core-group-is-layout-d89aad35 wp-block-group-is-layout-constrained\" style=\"margin-top:0;margin-bottom:0;padding-top:var(--wp--preset--spacing--50);padding-right:var(--wp--preset--spacing--50);padding-bottom:var(--wp--preset--spacing--50);padding-left:var(--wp--preset--spacing--50)\">\n<div class=\"wp-block-group alignwide has-global-padding is-layout-constrained wp-container-core-group-is-layout-19e250f3 wp-block-group-is-layout-constrained\">\n<div class=\"wp-block-group is-vertical is-content-justification-center is-layout-flex wp-container-core-group-is-layout-6329a8f3 wp-block-group-is-layout-flex\">\n<h2 class=\"wp-block-heading has-text-align-center is-style-asterisk\">Les ressources<\/h2>\n\n\n\n<p class=\"has-text-align-center\">Gr\u00e2ce \u00e0 un large \u00e9ventail de comp\u00e9tences et d&#8217;exp\u00e9riences, et \u00e0 une approche flexible de la coop\u00e9ration, nous sommes toujours en mesure d&#8217;apporter une valeur significative \u00e0 un projet.<\/p>\n<\/div>\n\n\n\n<div style=\"height:var(--wp--preset--spacing--40)\" aria-hidden=\"true\" class=\"wp-block-spacer\"><\/div>\n\n\n\n<div class=\"wp-block-columns alignwide is-layout-flex wp-container-core-columns-is-layout-d1c656ed wp-block-columns-is-layout-flex\">\n<div class=\"wp-block-column is-vertically-aligned-center is-layout-flow wp-block-column-is-layout-flow\" style=\"flex-basis:40%\">\n<h3 class=\"wp-block-heading is-style-asterisk\">La force de partenariat<\/h3>\n\n\n\n<ul style=\"line-height:1.75\" class=\"wp-block-list is-style-checkmark-list\">\n<li>Regroupement<\/li>\n\n\n\n<li>Consultant externe<\/li>\n\n\n\n<li>Partenaire<\/li>\n<\/ul>\n<\/div>\n\n\n\n<div class=\"wp-block-column is-layout-flow wp-block-column-is-layout-flow\" style=\"flex-basis:50%\">\n<figure class=\"wp-block-image size-large is-style-rounded is-style-rounded--1\"><img decoding=\"async\" width=\"1024\" height=\"461\" src=\"https:\/\/plusarchitectures.com\/wp-content\/uploads\/2025\/05\/Image_20250508170439-2-1024x461.jpg\" alt=\"\" class=\"wp-image-207\" srcset=\"https:\/\/plusarchitectures.com\/wp-content\/uploads\/2025\/05\/Image_20250508170439-2-1024x461.jpg 1024w, https:\/\/plusarchitectures.com\/wp-content\/uploads\/2025\/05\/Image_20250508170439-2-300x135.jpg 300w, https:\/\/plusarchitectures.com\/wp-content\/uploads\/2025\/05\/Image_20250508170439-2-768x346.jpg 768w, https:\/\/plusarchitectures.com\/wp-content\/uploads\/2025\/05\/Image_20250508170439-2-1536x691.jpg 1536w, https:\/\/plusarchitectures.com\/wp-content\/uploads\/2025\/05\/Image_20250508170439-2-2048x922.jpg 2048w\" sizes=\"(max-width: 1024px) 100vw, 1024px\" \/><\/figure>\n<\/div>\n<\/div>\n\n\n\n<div style=\"height:var(--wp--preset--spacing--40)\" aria-hidden=\"true\" class=\"wp-block-spacer\"><\/div>\n\n\n\n<div class=\"wp-block-columns alignwide is-layout-flex wp-container-core-columns-is-layout-d1c656ed wp-block-columns-is-layout-flex\">\n<div class=\"wp-block-column is-layout-flow wp-block-column-is-layout-flow\" style=\"flex-basis:50%\">\n<figure class=\"wp-block-image size-large is-style-rounded is-style-rounded--2\"><img decoding=\"async\" width=\"1024\" height=\"554\" src=\"https:\/\/plusarchitectures.com\/wp-content\/uploads\/2025\/05\/Shenzhen-Conservatoire-vue-entree-3-1024x554.jpg\" alt=\"\" class=\"wp-image-208\" srcset=\"https:\/\/plusarchitectures.com\/wp-content\/uploads\/2025\/05\/Shenzhen-Conservatoire-vue-entree-3-1024x554.jpg 1024w, https:\/\/plusarchitectures.com\/wp-content\/uploads\/2025\/05\/Shenzhen-Conservatoire-vue-entree-3-300x162.jpg 300w, https:\/\/plusarchitectures.com\/wp-content\/uploads\/2025\/05\/Shenzhen-Conservatoire-vue-entree-3-768x416.jpg 768w, https:\/\/plusarchitectures.com\/wp-content\/uploads\/2025\/05\/Shenzhen-Conservatoire-vue-entree-3-1536x832.jpg 1536w, https:\/\/plusarchitectures.com\/wp-content\/uploads\/2025\/05\/Shenzhen-Conservatoire-vue-entree-3-2048x1109.jpg 2048w\" sizes=\"(max-width: 1024px) 100vw, 1024px\" \/><\/figure>\n<\/div>\n\n\n\n<div class=\"wp-block-column is-vertically-aligned-center is-layout-flow wp-block-column-is-layout-flow\" style=\"flex-basis:40%\">\n<h3 class=\"wp-block-heading is-style-asterisk\">Activit\u00e9s<\/h3>\n\n\n\n<ul style=\"line-height:1.75\" class=\"wp-block-list is-style-checkmark-list\">\n<li>Conf\u00e9rence<\/li>\n\n\n\n<li>Visite technique<\/li>\n\n\n\n<li>Exposition<\/li>\n<\/ul>\n<\/div>\n<\/div>\n<\/div>\n<\/div>\n\n\n\n<div class=\"wp-block-group alignfull has-base-color has-contrast-background-color has-text-color has-background has-global-padding is-layout-constrained wp-container-core-group-is-layout-ef3d885c wp-block-group-is-layout-constrained\" style=\"margin-top:0;margin-bottom:0;padding-top:var(--wp--preset--spacing--60);padding-right:var(--wp--preset--spacing--60);padding-bottom:var(--wp--preset--spacing--60);padding-left:var(--wp--preset--spacing--60)\">\n<div class=\"wp-block-group has-global-padding is-layout-constrained wp-block-group-is-layout-constrained\">\n<p class=\"has-text-align-center has-base-color has-text-color has-heading-font-family has-x-large-font-size\" style=\"line-height:1.2\"><em><em>\u00ab&nbsp;Une construction est d\u2019abord pens\u00e9e pour son utilisateur, sans oublier que celui-ci peut \u00e9voluer.\u00bb<\/em><\/em><\/p>\n\n\n\n<div style=\"height:var(--wp--preset--spacing--10)\" aria-hidden=\"true\" class=\"wp-block-spacer\"><\/div>\n\n\n\n<div class=\"wp-block-group is-vertical is-content-justification-center is-nowrap is-layout-flex wp-container-core-group-is-layout-2dc08cea wp-block-group-is-layout-flex\">\n\n\n<p class=\"has-text-align-center\" style=\"margin-top:var(--wp--preset--spacing--10);margin-bottom:0\">Pengzi ZHANG<\/p>\n\n\n\n<p class=\"has-text-align-center has-contrast-3-color has-text-color has-small-font-size\" style=\"font-style:normal;font-weight:300\">Architecte, PLUS<\/p>\n<\/div>\n<\/div>\n<\/div>\n\n\n\n<div class=\"wp-block-group alignfull has-global-padding is-layout-constrained wp-container-core-group-is-layout-d89aad35 wp-block-group-is-layout-constrained\" style=\"margin-top:0;margin-bottom:0;padding-top:var(--wp--preset--spacing--50);padding-right:var(--wp--preset--spacing--50);padding-bottom:var(--wp--preset--spacing--50);padding-left:var(--wp--preset--spacing--50)\">\n<h2 class=\"wp-block-heading alignwide has-large-font-size\" style=\"margin-top:0;margin-bottom:var(--wp--preset--spacing--40);line-height:1\">Contact<\/h2>\n\n\n\n<div class=\"wp-block-group alignwide has-global-padding is-layout-constrained wp-block-group-is-layout-constrained\">\n<div class=\"wp-block-query alignwide is-layout-flow wp-block-query-is-layout-flow\"><ul class=\"wp-block-post-template is-layout-flow wp-block-post-template-is-layout-flow\"><li class=\"wp-block-post post-1 post type-post status-publish format-standard hentry category-non-classe\">\n\n<hr class=\"wp-block-separator has-text-color has-contrast-3-color has-alpha-channel-opacity has-contrast-3-background-color has-background alignwide is-style-wide\"\/>\n\n\n\n<div class=\"wp-block-columns alignwide are-vertically-aligned-center is-layout-flex wp-container-core-columns-is-layout-33233fb6 wp-block-columns-is-layout-flex\" style=\"margin-top:var(--wp--preset--spacing--20);margin-bottom:var(--wp--preset--spacing--20)\">\n<div class=\"wp-block-column is-vertically-aligned-center is-layout-flow wp-block-column-is-layout-flow\" style=\"flex-basis:72%\">\n<p><strong>Adresse:<\/strong><\/p>\n\n\n\n<p>2 Villa Blanche, 92000 Nanterre, France<\/p>\n\n\n\n<p><strong>Tel:<\/strong><\/p>\n\n\n\n<figure class=\"wp-block-image size-full is-resized\"><img loading=\"lazy\" decoding=\"async\" width=\"259\" height=\"43\" src=\"http:\/\/plusarchitectures.com\/wp-content\/uploads\/2025\/05\/Tel.jpg\" alt=\"\" class=\"wp-image-36\" style=\"width:208px;height:auto\"\/><\/figure>\n\n\n\n<p><strong>Email:<\/strong><\/p>\n\n\n\n<p>Contactsasplus@gmail.com<\/p>\n<\/div>\n\n\n\n<div class=\"wp-block-column is-vertically-aligned-center is-layout-flow wp-block-column-is-layout-flow\" style=\"flex-basis:28%\"><div class=\"wp-block-template-part\">\n<div class=\"wp-block-group has-global-padding is-layout-constrained wp-block-group-is-layout-constrained\"><\/div>\n<\/div><\/div>\n<\/div>\n\n<\/li><\/ul>\n\n\n<div style=\"height:40px\" aria-hidden=\"true\" class=\"wp-block-spacer\"><\/div>\n\n\n<\/div>\n<\/div>\n<\/div>\n","protected":false},"excerpt":{"rendered":"<p>Un projet, deux points de vue Comme Maitrise d&#8217;\u0152u [&hellip;]<\/p>\n","protected":false},"author":1,"featured_media":0,"parent":0,"menu_order":0,"comment_status":"closed","ping_status":"closed","template":"","meta":{"footnotes":""},"class_list":["post-179","page","type-page","status-publish","hentry"],"_links":{"self":[{"href":"https:\/\/plusarchitectures.com\/index.php\/wp-json\/wp\/v2\/pages\/179","targetHints":{"allow":["GET"]}}],"collection":[{"href":"https:\/\/plusarchitectures.com\/index.php\/wp-json\/wp\/v2\/pages"}],"about":[{"href":"https:\/\/plusarchitectures.com\/index.php\/wp-json\/wp\/v2\/types\/page"}],"author":[{"embeddable":true,"href":"https:\/\/plusarchitectures.com\/index.php\/wp-json\/wp\/v2\/users\/1"}],"replies":[{"embeddable":true,"href":"https:\/\/plusarchitectures.com\/index.php\/wp-json\/wp\/v2\/comments?post=179"}],"version-history":[{"count":14,"href":"https:\/\/plusarchitectures.com\/index.php\/wp-json\/wp\/v2\/pages\/179\/revisions"}],"predecessor-version":[{"id":243,"href":"https:\/\/plusarchitectures.com\/index.php\/wp-json\/wp\/v2\/pages\/179\/revisions\/243"}],"wp:attachment":[{"href":"https:\/\/plusarchitectures.com\/index.php\/wp-json\/wp\/v2\/media?parent=179"}],"curies":[{"name":"wp","href":"https:\/\/api.w.org\/{rel}","templated":true}]}}